what is -2 + -34726735?
-34726737
In base 15, what is 14d3cd + -6?
14d3c7
In base 15, what is -77bc7 + 18?
-77bae
In base 9, what is 65 + -870250?
-870174
In base 16, what is 12 + -10d28e?
-10d27c
In base 8, what is -3 + 233432471?
233432466
In base 10, what is -6013 + -2916?
-8929
In base 10, what is 44057618 - 21?
44057597
In base 4, what is 1201332 + 120313?
1322311
In base 7, what is -636 - -116516?
115550
In base 14, what is 1b8 + -12852?
-12678
In base 7, what is 3334 + -5003310?
-4666643
In base 14, what is -1c5d + c2c6?
a467
In base 13, what is 1138 - 2523?
-13b8
In base 9, what is -10855541 + 10?
-10855531
In base 12, what is 182a5 + 3172?
1b457
In base 9, what is -5431 + 5661?
230
In base 14, what is -37 + -39443?
-3947a
In base 10, what is -50765146 - -5?
-50765141
In base 6, what is -32425 - 330554?
-403423
In base 3, what is -2002 + -110200111200021?
-110200111202100
In base 12, what is -a29 + 1494?
667
In base 8, what is -174402503 + -5?
-174402510
In base 12, what is a92 - 20055?
-1b183
In base 10, what is -16320071 - -1?
-16320070
In base 10, what is -22 - 654735?
-654757
In base 5, what is 4 - 304130440?
-304130431
In base 10, what is 2 + 18851822?
18851824
In base 15, what is -13e483a - 8?
-13e4843
In base 11, what is 210 - 14685?
-14475
In base 9, what is 3 + 784028?
784032
In base 3, what is 12 - 1100111020101200?
-1100111020101111
In base 15, what is -17ed43 - -14a?
-17ebe8
In base 13, what is 12b083c3 - -3?
12b083c6
In base 11, what is -7 - -207096a6?
2070969a
In base 10, what is -7 - -46218505?
46218498
In base 6, what is 2024212001 + -3?
2024211554
In base 11, what is -79a1 - 2517?
-a408
In base 5, what is -1224331 + 11?
-1224320
In base 15, what is 9a9 + 17d8d?
18847
In base 10, what is -37 + -1341597?
-1341634
In base 7, what is -34 + -1030546?
-1030613
In base 3, what is 0 + 101020201100122?
101020201100122
In base 13, what is -60a - 5972?
-627c
In base 2, what is 101111001 - 111100010010100011?
-111100001100101010
In base 12, what is 70789146 + 0?
70789146
In base 14, what is 13d753 + 39?
13d78c
In base 9, what is -503 + -374477?
-375081
In base 6, what is 152402454 + -13?
152402441
In base 7, what is 1343054 - -13?
1343100
In base 12, what is 171239 + -503?
170936
In base 7, what is -50 - 35251536?
-35251616
In base 6, what is -2 - -43344125?
43344123
In base 14, what is 1cda - 4364?
-2468
In base 14, what is -c69 + 4162?
32d7
In base 14, what is -1a48 - -22b44?
210da
In base 7, what is -46 - 10606045?
-10606124
In base 13, what is b + 44931?
4493c
In base 7, what is 13066 + 34604?
51003
In base 4, what is 211 + -2103020?
-2102203
In base 12, what is 32 + -5bab99?
-5bab67
In base 5, what is 21240342423 - 0?
21240342423
In base 15, what is -c - 19d0a7a?
-19d0a87
In base 5, what is -444340020 + 10?
-444340010
In base 14, what is 2a18cd4b + 1?
2a18cd4c
In base 4, what is 211012323 - 301002?
210111321
In base 8, what is -2 + 2006317?
2006315
In base 6, what is -435101005 - -2?
-435101003
In base 7, what is -434213131 - 11?
-434213142
In base 10, what is -1320508 + -7?
-1320515
In base 12, what is 3 + -63972?
-6396b
In base 5, what is -3101132 - -30303?
-3020324
In base 16, what is 1dc + 4d0b?
4ee7
In base 7, what is 515036322 - -43?
515036365
In base 13, what is 23a547 - -4a?
23a594
In base 15, what is -1a9c8e + 2?
-1a9c8c
In base 2, what is -10011001110 + 11111001111100101?
11110111100010111
In base 11, what is -3433 + 1467?
-1a77
In base 6, what is 220444 - -35301?
300145
In base 2, what is -11 - -10100101010111101?
10100101010111010
In base 10, what is 1003 - -2422?
3425
In base 2, what is 1101011 + 111111010101111?
111111100011010
In base 13, what is 88c4abc - 5?
88c4ab7
In base 16, what is 5 - -bf995cd?
bf995d2
In base 14, what is -8974 + -1165?
-9ad9
In base 2, what is 101000110111010000110010 + 10?
101000110111010000110100
In base 9, what is -22326 - 4?
-22331
In base 5, what is 40111200414 + -1?
40111200413
In base 3, what is -1101000221 + -2221?
-1101010212
In base 10, what is -22264158 - -5?
-22264153
In base 12, what is -5b443 - -4?
-5b43b
In base 4, what is -13 + 2102120123223?
2102120123210
In base 2, what is -110011000101111001011 - 0?
-110011000101111001011
In base 6, what is 20203 + -1135342?
-1115135
In base 6, what is 2 - -2304244210?
2304244212
In base 13, what is 5 - -13c71bc?
13c71c4
In base 13, what is -3375 - 12?
-3387
In base 14, what is 457c + d94?
5532
In base 2, what is 100101101011110 + -1010110010010?
11010111001100
In base 2, what is -110 - 1100010110101000100111?
-1100010110101000101101
In base 10, what is 1 - -268421783?
268421784
In base 15, what is -56 - a7034?
-a708a
In base 16, what is 4 + 916deb?
916def
In base 14, what is 19a4d9 - -b?
19a506
In base 14, what is 3 + 193895?
193898
In base 10, what is -1663635 - -43?
-1663592
In base 4, what is -11 + 133201203?
133201132
In base 10, what is -1519424 - -18?
-1519406
In base 13, what is -17 + -130343?
-13035a
In base 11, what is -67265 - 29?
-67293
In base 7, what is 400035 - 40?
366665
In base 14, what is -3 - 7cb8c29?
-7cb8c2c
In base 9, what is -252 + -157488?
-157751
In base 14, what is 4496a6 + b?
4496b3
In base 16, what is -65d8 - 2d7?
-68af
In base 12, what is 210 - ba2b?
-b81b
In base 12, what is -33 - 161b13?
-161b46
In base 6, what is 55412421 + 45?
55412510
In base 14, what is -55b + b79?
61c
In base 8, what is 5 - -25266366?
25266373
In base 11, what is 2 + -28a35592?
-28a35590
In base 9, what is -5888563 + 47?
-5888515
In base 9, what is 1810131 - -17?
1810148
In base 15, what is -117121 + -a?
-11712b
In base 11, what is -65630 + 259?
-65382
In base 13, what is 5 - a570030?
-a570028
In base 5, what is 11013 + 1033211?
1044224
In base 9, what is 553 - 231?
322
In base 8, what is -47362 + -716?
-50300
In base 12, what is 1 - -524a90?
524a91
In base 8, what is 2431 + 74572?
77223
In base 9, what is 34768 + 43486?
78365
In base 6, what is 44033 + 3515?
51552
In base 8, what is 325 - -3104?
3431
In base 10, what is -699 - -2234?
1535
In base 12, what is a6 + 1571b1?
157297
In base 13, what is -928ab8b - 0?
-928ab8b
In base 11, what is 316a + -47a?
27a0
In base 16, what is -2ff - -ae6?
7e7
In base 6, what is 2133333040 - -5?
2133333045
In base 10, what is -5 - -370949?
370944
In base 8, what is -2302655757 - -1?
-2302655756
In base 6, what is -34125 - 24354?
-102523
In base 12, what is -11aa7 - 2a73?
-1495a
In base 4, what is 230 + -31011112?
-31010222
In base 2, what is -1010 + 10011101111010000011010001?
10011101111010000011000111
In base 11, what is 6199716 + -38?
6199689
In base 13, what is 43 - -b19306?
b19349
In base 4, what is -13 + 1313000132?
1313000113
In base 7, what is 4 - 251521012?
-251521005
In base 7, what is -22632363 - 1450?
-22634143
In base 16, what is 0 - b8517d?
-b8517d
In base 13, what is 5 - 16691c27?
-16691c22
In base 7, what is 21542311412 - 3?
21542311406
In base 12, what is 35301 + -17?
352a6
In base 9, what is -3 - -113003575?
113003572
In base 9, what is 125532 - -2474?
128116
In base 3, what is -112210 + 1122021210?
1121202000
In base 2, what is -100100001101100 + 10011100100111?
-10000101000101
In base 5, what is -23341234333 + -3?
-23341234341
In base 9, what is -12 - 3136162?
-3136174
In base 2, what is 11111101111000 + 101101100?
100000011100100
In base 12, what is 111aa - -301a?
14208
In base 6, what is -1123520252 - 4?
-1123520300
In base 4, what is 11002212131 + -1010?
11002211121
In base 15, what is -767cc9 + 5?
-767cc4
In base 12, what is 340b10b - 3?
340b108
In base 2, what is 100 - -111100111111001011100?
111100111111001100000
In base 8, what is 45 - -14033212?
14033257
In base 9, what is 36 + 2707840?
2707876
In base 2, what is 101110 - 10001110000110010?
-10001110000000100
In base 9, what is -4833167 + -23?
-4833201
In base 12, what is -3765 - -1702?
-2063
In base 5, what is 3204304413 + 4?
3204304422
In base 14, what is 11a8 + 9b17?
acc1
In base 15, what is -e7c9 + 21?
-e7a8
In base 16, what is -152e + -606e?
-759c
In base 15, what is -9199 + -db1?
-a05a
In base 7, what is 13066 - -110664?
124063
In base 14, what is -70a93041 + 2?
-70a9303d
In base 12, what is -13917 + -197?
-13ab2
In base 7, what is -4 - -2464166122?
2464166115
In base 5, what is -3340203223 + -102?
-3340203330
